ultiple of 11?
False
Does 11 divide 4723?
False
Is 1408 a multiple of 4?
True
Is 19 a factor of 27075?
True
Does 71 divide 923?
True
Is 662 a multiple of 19?
False
Does 89 divide 246?
False
Does 46 divide 31190?
False
Is 5568 a multiple of 4?
True
Does 52 divide 6578?
False
Does 283 divide 46678?
False
Does 3 divide 917?
False
Is 34974 a multiple of 147?
False
Is 13200 a multiple of 33?
True
Is 2750 a multiple of 22?
True
Is 12 a factor of 24766?
False
Does 28 divide 650?
False
Is 32 a factor of 1920?
True
Does 84 divide 10334?
False
Does 14 divide 3906?
True
Does 22 divide 3351?
False
Does 76 divide 1383?
False
Is 16 a factor of 3033?
False
Is 18 a multiple of 3?
True
Is 50 a factor of 40891?
False
Does 9 divide 853?
False
Is 21 a multiple of 7?
True
Is 1408 a multiple of 8?
True
Does 53 divide 29609?
False
Does 40 divide 31680?
True
Does 7 divide 402?
False
Is 35 a factor of 728?
False
Is 2208 a multiple of 18?
False
Is 13 a factor of 14872?
True
Is 1330 a multiple of 38?
True
Is 16 a factor of 8581?
False
Is 6 a factor of 108?
True
Does 5 divide 80?
True
Is 12 a factor of 10004?
False
Is 147 a factor of 1062?
False
Does 8 divide 2280?
True
Is 159 a factor of 14664?
False
Is 690 a multiple of 23?
True
Does 7 divide 4925?
False
Is 28 a factor of 3920?
True
Is 14 a factor of 303?
False
Is 1301 a multiple of 37?
False
Is 128 even?
True
Is 3736 a multiple of 24?
False
Does 31 divide 19212?
False
Is 11 a factor of 1117?
False
Does 7 divide 56?
True
Is 4 a factor of 541?
False
Is 4 a factor of 2475?
False
Is 5317 a multiple of 62?
False
Is 27978 a multiple of 12?
False
Is 17144 a multiple of 18?
False
Is 9 a factor of 9054?
True
Is 1741 a multiple of 142?
False
Is 5 a factor of 34?
False
Is 9444 a multiple of 49?
False
Is 108 a factor of 544?
False
Does 58 divide 187?
False
Is 3782 a multiple of 62?
True
Is 14769 a multiple of 77?
False
Does 117 divide 702?
True
Is 960 a multiple of 16?
True
Does 18 divide 1770?
False
Is 10280 a multiple of 8?
True
Is 28914 a multiple of 39?
False
Is 13 a factor of 60171?
False
Does 25 divide 61914?
False
Is 15 a factor of 97?
False
Is 15 a factor of 615?
True
Is 11 a factor of 6765?
True
Is 51 a factor of 145?
False
Is 28784 a multiple of 119?
False
Is 618 a multiple of 25?
False
Does 2 divide 204?
True
Does 30 divide 715?
False
Is 41 a factor of 1348?
False
Does 20 divide 946?
False
Does 40 divide 11720?
True
Does 16 divide 17872?
True
Is 10 a factor of 9399?
False
Is 259 a multiple of 7?
True
Is 9914 a multiple of 47?
False
Is 12 a factor of 15403?
False
Is 538 a multiple of 4?
False
Is 119360 a multiple of 10?
True
Is 2 a factor of 934?
True
Is 54 a factor of 3116?
False
Is 28 a factor of 2255?
False
Does 60 divide 11760?
True
Does 32 divide 1463?
False
Is 16 a factor of 1528?
False
Is 960 a multiple of 32?
True
Is 15 a factor of 405?
True
Does 4 divide 970?
False
Does 174 divide 20856?
False
Does 9 divide 567?
True
Is 15888 a multiple of 24?
True
Is 20 a factor of 1140?
True
Does 29 divide 207?
False
Does 130 divide 16250?
True
Is 55862 a multiple of 34?
True
Is 1363 a multiple of 68?
False
Is 78 a factor of 4588?
False
Does 106 divide 62954?
False
Is 21040 a multiple of 30?
False
Does 262 divide 28073?
False
Does 13 divide 63492?
True
Is 21 a factor of 9870?
True
Is 52180 a multiple of 17?
False
Is 22 a factor of 332?
False
Does 9 divide 702?
True
Is 437 a multiple of 23?
True
Is 53 a factor of 1473?
False
Is 6525 a multiple of 29?
True
Is 360 a multiple of 3?
True
Is 540 a multiple of 15?
True
Does 64 divide 2368?
True
Is 23 a factor of 11631?
False
Is 6 a factor of 538?
False
Is 2863 a multiple of 10?
False
Is 112 a factor of 8400?
True
Is 2278 a multiple of 17?
True
Does 15 divide 6570?
True
Is 598 a multiple of 23?
True
Does 58 divide 638?
True
Is 4164 a multiple of 72?
False
Is 7375 a multiple of 125?
True
Is 25739 a multiple of 24?
False
Does 31 divide 33677?
False
Does 7 divide 114520?
True
Does 6 divide 2388?
True
Does 10 divide 718?
False
Is 54 a factor of 27081?
False
Is 123 a multiple of 9?
False
Is 1109 a multiple of 32?
False
Is 43035 a multiple of 19?
True
Does 12 divide 3252?
True
Is 549 a multiple of 3?
True
Does 208 divide 21664?
False
Is 27 a factor of 4257?
False
Is 4536 a multiple of 3?
True
Does 9 divide 18?
True
Is 31940 a multiple of 77?
False
Is 40 a factor of 33560?
True
Is 146 a multiple of 3?
False
Does 24 divide 14064?
True
Does 3 divide 1673?
False
Does 39 divide 38961?
True
Does 9 divide 2783?
False
Is 1949 a multiple of 11?
False
Does 14 divide 64862?
True
Is 65 a factor of 934?
False
Does 28 divide 420?
True
Is 11 a factor of 12152?
False
Is 2 a factor of 5227?
False
Is 40 a factor of 5480?
True
Does 7 divide 2660?
True
Does 29 divide 48372?
True
Is 170 a factor of 91970?
True
Is 6201 a multiple of 13?
True
Is 1336 a multiple of 11?
False
Does 12 divide 44568?
True
Is 12227 a multiple of 47?
False
Is 5984 a multiple of 54?
False
Is 14 a factor of 343?
False
Is 217 a multiple of 31?
True
Is 433 a multiple of 5?
False
Is 4592 a multiple of 112?
True
Is 372 a multiple of 12?
True
Does 119 divide 1904?
True
Is 48457 a multiple of 14?
False
Is 21 a factor of 19505?
False
Is 50111 a multiple of 95?
False
Does 99 divide 4455?
True
Is 18 a factor of 1584?
True
Is 3528 a multiple of 18?
True
Is 1640 a multiple of 69?
False
Is 7421 a multiple of 17?
False
Is 3318 a multiple of 42?
True
Does 21 divide 12537?
True
Is 16184 a multiple of 17?
True
Is 60 a factor of 1927?
False
Does 19 divide 399?
True
Is 4 a factor of 160?
True
Is 91 a factor of 3276?
True
Does 25 divide 1850?
True
Is 10921 a multiple of 67?
True
Is 1120 a multiple of 7?
True
Is 35230 a multiple of 2?
True
Does 7 divide 665?
True
Does 152 divide 119016?
True
Does 3 divide 28906?
False
Does 51 divide 1683?
True
Does 37 divide 9028?
True
Is 15 a factor of 69510?
True
Does 200 divide 101206?
False
Is 38 a factor of 1878?
False
Is 23 a factor of 1035?
True
Does 22 divide 61132?
False
Does 54 divide 486?
True
Does 76 divide 12996?
True
Is 5628 a multiple of 3?
True
Is 2649 a multiple of 67?
False
Does 7 divide 1151?
False
Is 116 a factor of 3363?
False
Is 115506 a multiple of 575?
False
Is 156 a factor of 1147?
False
Is 3173 a multiple of 19?
True
Does 26 divide 21956?
False
Is 82 a factor of 478?
False
Is 64 a factor of 5687?
False
Does 12 divide 13092?
True
Is 770 a multiple of 55?
True
Is 20 a factor of 38223?
False
Is 2655 even?
False
Is 326 a factor of 9454?
True
Is 27 a factor of 508?
False
Is 4 a factor of 20571?
False
Is 2300 a multiple of 10?
True
Does 13 divide 2587?
True
Is 35464 a multiple of 13?
True
Does 5 divide 2590?
True
Is 127 a factor of 4953?
True
Is 2745 a multiple of 5?
True
Does 8 divide 100?
False
Is 1264 a multiple of 29?
False
Is 69952 a multiple of 64?
True
Does 21 divide 150?
False
Is 50 a factor of 4750?
True
Is 585 a multiple of 15?
True
Is 4065 a multiple of 21?
False
Is 4960 a multiple of 16?
True
Does 80 divide 351?
False
Is 69 a factor of 13938?
True
Is 1644 a multiple of 4?
True
Is 222 a factor of 23532?
True
Is 8396 a multiple of 99?
False
Is 20384 a multiple of 98?
True
Is 81 a factor of 12798?
True
Does 58 divide 4007?
False
Does 15 divide 2763?
False
Does 94 divide 27004?
False
Does 8 divide 1943?
False
Is 21450 a multiple of 150?
True
Does 64 divide 896?
True
Does 211 divide 15803?
False
Does 20 divide 180?
True
Does 116 divide 9389?
False
Is 20 a factor of 838?
False
Is 7 a factor of 391?
False
Is 198 a factor of 8910?
True
Is 4956 a multiple of 20?
False
Does 20 divide 7960?
True
Does 39 divide 119?
False
Does 10 divide 1127?
False
Does 4 divide 530?
False
Is 32 a factor of 640?
True
Is 159 a factor of 47382?
True
Is 1046 a multiple of 9?
False
Is 1323 a multiple of 189?
True
Is 159 a factor of 13197?
True
Does 126 divide 23624?
False
Does 18 divide 1278?
True
Is 5 a factor of 116?
False
Is 9590 a multiple of 177?
False
Does 90 divide 810?
True
Is 44 a factor of 132?
True
Does 14 divide 11048?
False
Does 10 divide 929?
False
Is 17123 a multiple of 9?
False
Is 13202 a multiple of 41?
True
Is 24486 a multiple of 53?
True
Is 54 a factor of 1162?
False
Does 23 divide 680?
False
Is 36 a multiple of 12?
True
Is 3897 a multiple of 3?
True
Is 1320 a multiple of 55?
True
Does 2 divide 495?
F